{"id":5048,"date":"2019-04-03T14:26:11","date_gmt":"2019-04-03T14:26:11","guid":{"rendered":"https:\/\/try.chethemes.com\/vodi\/?page_id=5009"},"modified":"2021-07-09T14:20:27","modified_gmt":"2021-07-09T14:20:27","slug":"contact","status":"publish","type":"page","link":"https:\/\/www.caltanissetta.tv\/?page_id=5048","title":{"rendered":"Contatti"},"content":{"rendered":"\n<div class=\"wp-block-columns has-2-columns contact-form is-layout-flex wp-container-core-columns-is-layout-2 wp-block-columns-is-layout-flex\">\n<div class=\"wp-block-column is-layout-flow wp-block-column-is-layout-flow\">\n<h2 class=\"contact-page__title wp-block-heading\">Scrivi qui il tuo messaggio<\/h2>\n\n\n<div class=\"wpforms-container wpforms-container-full contact-form\" id=\"wpforms-5382\"><form id=\"wpforms-form-5382\" class=\"wpforms-validate wpforms-form\" data-formid=\"5382\" method=\"post\" enctype=\"multipart\/form-data\" action=\"\/index.php?rest_route=%2Fwp%2Fv2%2Fpages%2F5048\" data-token=\"7a843708510a1b17be1f9dde16c6425c\" data-token-time=\"1778986402\"><noscript class=\"wpforms-error-noscript\">Abilita JavaScript nel browser per completare questo modulo.<\/noscript><div class=\"wpforms-field-container\"><div id=\"wpforms-5382-field_0-container\" class=\"wpforms-field wpforms-field-name\" data-field-id=\"0\"><label class=\"wpforms-field-label\" for=\"wpforms-5382-field_0\">Nome e Cognome (richiesto) <span class=\"wpforms-required-label\">*<\/span><\/label><input type=\"text\" id=\"wpforms-5382-field_0\" class=\"wpforms-field-large wpforms-field-required\" name=\"wpforms[fields][0]\" required><\/div><div id=\"wpforms-5382-field_1-container\" class=\"wpforms-field wpforms-field-email\" data-field-id=\"1\"><label class=\"wpforms-field-label\" for=\"wpforms-5382-field_1\">La tua Email (richiesto) <span class=\"wpforms-required-label\">*<\/span><\/label><input type=\"email\" id=\"wpforms-5382-field_1\" class=\"wpforms-field-large wpforms-field-required\" name=\"wpforms[fields][1]\" spellcheck=\"false\" required><\/div><div id=\"wpforms-5382-field_3-container\" class=\"wpforms-field wpforms-field-text\" data-field-id=\"3\"><label class=\"wpforms-field-label\" for=\"wpforms-5382-field_3\">Oggetto<\/label><input type=\"text\" id=\"wpforms-5382-field_3\" class=\"wpforms-field-large\" name=\"wpforms[fields][3]\" ><\/div><div id=\"wpforms-5382-field_4-container\" class=\"wpforms-field wpforms-field-textarea\" data-field-id=\"4\"><label class=\"wpforms-field-label\" for=\"wpforms-5382-field_4\">Il tuo Messaggio<\/label><textarea id=\"wpforms-5382-field_4\" class=\"wpforms-field-large\" name=\"wpforms[fields][4]\" ><\/textarea><\/div><\/div><!-- .wpforms-field-container --><div class=\"wpforms-field wpforms-field-hp\"><label for=\"wpforms-5382-field-hp\" class=\"wpforms-field-label\">Comment<\/label><input type=\"text\" name=\"wpforms[hp]\" id=\"wpforms-5382-field-hp\" class=\"wpforms-field-medium\"><\/div><div class=\"wpforms-submit-container\" ><input type=\"hidden\" name=\"wpforms[id]\" value=\"5382\"><input type=\"hidden\" name=\"page_title\" value=\"\"><input type=\"hidden\" name=\"page_url\" value=\"https:\/\/www.caltanissetta.tv\/index.php?rest_route=\/wp\/v2\/pages\/5048\"><input type=\"hidden\" name=\"url_referer\" value=\"\"><button type=\"submit\" name=\"wpforms[submit]\" id=\"wpforms-submit-5382\" class=\"wpforms-submit\" data-alt-text=\"Invio in corso...\" data-submit-text=\"Invia il Messaggio\" aria-live=\"assertive\" value=\"wpforms-submit\">Invia il Messaggio<\/button><\/div><\/form><\/div>  <!-- .wpforms-container -->\n\n\n\n<p><\/p>\n<\/div>\n\n\n\n<div class=\"wp-block-column is-layout-flow wp-block-column-is-layout-flow\">\n<h2 class=\"contact-page__title wp-block-heading\">Domande Frequenti<\/h2>\n\n\n\n        <section class=\"home-section vodi-faq-section\" >\n            <div class=\"container\">\n                <div class=\"faq-section__inner\">\n                    <div class=\"faq-section__faqs\">\n                      <div class=\"faq-section__faq\">\n                            <div class=\"faq-section__faq-header\" id=\"head-faq-6a092da260be60\">\n                                <h5>\n                                    <a href=\"#\" class=\"faq-section__faq-header--link collapsed \" data-toggle=\"collapse\" data-target=\"#collapese-faq-6a092da260be60\" aria-expanded=\"true\" aria-controls=\"collapese-faq-6a092da260be60\">\n                                        Quali servizi offre Caltanissetta TV? \n                                    <\/a>\n                                <\/h5>\n                            <\/div>\n\n                            <div id=\"collapese-faq-6a092da260be60\" class=\"collapse hideshow\" aria-labelledby=\"head-faq-6a092da260be60\" data-parent=\"#accordionExample\">\n                                <div class=\"faq-section__faq-body\">\n                                    Caltanissetta TV \u00e8 la prima Internet TV, ovvero Televisione O.T.T. \u201cover the top\u201d, della nostra citt\u00e0. <\/br>\nProduciamo Episodi e Serie TV originali girate interamente nel territorio nisseno.\nNon esitare a contattarci per proporci una tua collaborazione al progetto o per proporci una tua intervista. \n                                <\/div>\n                            <\/div>\n                        <\/div><div class=\"faq-section__faq\">\n                            <div class=\"faq-section__faq-header\" id=\"head-faq-6a092da260be61\">\n                                <h5>\n                                    <a href=\"#\" class=\"faq-section__faq-header--link collapsed collapsed\" data-toggle=\"collapse\" data-target=\"#collapese-faq-6a092da260be61\" aria-expanded=\"true\" aria-controls=\"collapese-faq-6a092da260be61\">\n                                        I contenuti video sono tutti fruibili gratuitamente? \n                                    <\/a>\n                                <\/h5>\n                            <\/div>\n\n                            <div id=\"collapese-faq-6a092da260be61\" class=\"collapse hide\" aria-labelledby=\"head-faq-6a092da260be61\" data-parent=\"#accordionExample\">\n                                <div class=\"faq-section__faq-body\">\n                                    La quasi totalit\u00e0 dei nostri contenuti video \u00e8 fruibile solo dopo l&#8217;avvenuta registrazione online e l&#8217;adesione ad un piano di abbonamento: puoi scegliere tra l&#8217;abbonamento mensile o quello annuale. \n                                <\/div>\n                            <\/div>\n                        <\/div><div class=\"faq-section__faq\">\n                            <div class=\"faq-section__faq-header\" id=\"head-faq-6a092da260be62\">\n                                <h5>\n                                    <a href=\"#\" class=\"faq-section__faq-header--link collapsed collapsed\" data-toggle=\"collapse\" data-target=\"#collapese-faq-6a092da260be62\" aria-expanded=\"true\" aria-controls=\"collapese-faq-6a092da260be62\">\n                                        Come faccio a registrarmi all&#8217;area riservata? \n                                    <\/a>\n                                <\/h5>\n                            <\/div>\n\n                            <div id=\"collapese-faq-6a092da260be62\" class=\"collapse hide\" aria-labelledby=\"head-faq-6a092da260be62\" data-parent=\"#accordionExample\">\n                                <div class=\"faq-section__faq-body\">\n                                    Per registrarti all&#8217;area riservata \u00e8 sufficiente tentare di riprodurre uno dei nostri  video, ti comparir\u00e0 infatti l&#8217;avviso che il contenuto \u00e8 a pagamento e ti verr\u00e0 quindi proposta l&#8217;iscrizione: puoi scegliere tra abbonamento mensile o annuale. \n                                <\/div>\n                            <\/div>\n                        <\/div><div class=\"faq-section__faq\">\n                            <div class=\"faq-section__faq-header\" id=\"head-faq-6a092da260be63\">\n                                <h5>\n                                    <a href=\"#\" class=\"faq-section__faq-header--link collapsed collapsed\" data-toggle=\"collapse\" data-target=\"#collapese-faq-6a092da260be63\" aria-expanded=\"true\" aria-controls=\"collapese-faq-6a092da260be63\">\n                                        Quali sono i vantaggi della registrazione? \n                                    <\/a>\n                                <\/h5>\n                            <\/div>\n\n                            <div id=\"collapese-faq-6a092da260be63\" class=\"collapse hide\" aria-labelledby=\"head-faq-6a092da260be63\" data-parent=\"#accordionExample\">\n                                <div class=\"faq-section__faq-body\">\n                                    Grazie alla registrazione e al conseguente abbonamento, potrai accedere a tutto il nostro catalogo di Serie TV originali \u201cnissene\u201d, fruibili illimitatamente per tutto il periodo dell&#8217;abbonamento stesso. Puoi interrompere l&#8217;abbonamento in qualsiasi momento: non dovrai darci n\u00e8 preavviso n\u00e8 motivazione della disdetta. \n                                <\/div>\n                            <\/div>\n                        <\/div><div class=\"faq-section__faq\">\n                            <div class=\"faq-section__faq-header\" id=\"head-faq-6a092da260be64\">\n                                <h5>\n                                    <a href=\"#\" class=\"faq-section__faq-header--link collapsed collapsed\" data-toggle=\"collapse\" data-target=\"#collapese-faq-6a092da260be64\" aria-expanded=\"true\" aria-controls=\"collapese-faq-6a092da260be64\">\n                                        Su quali dispositivi posso guardare i video? \n                                    <\/a>\n                                <\/h5>\n                            <\/div>\n\n                            <div id=\"collapese-faq-6a092da260be64\" class=\"collapse hide\" aria-labelledby=\"head-faq-6a092da260be64\" data-parent=\"#accordionExample\">\n                                <div class=\"faq-section__faq-body\">\n                                    Il nostro sito web, e quindi i contenuti video in esso contenuti, sono perfettamente fruibili da tutti i dispositivi compatibili: PC desktop, tablet, smartphone, ecc&#8230; \n\u00c9 inoltre possibile guardare i nostri video su Android TV BOX e, tramite apposita procedura di condivisione, anche su dispositivi compatibili con Apple TV o Google Chromecast, dispositivi da collegare al vostro schermo TV domestico. \n                                <\/div>\n                            <\/div>\n                        <\/div><\/div>\n                <\/div>\n            <\/div>\n        <\/section>\n\n\n<div class=\"wp-block-columns has-2-columns is-layout-flex wp-container-core-columns-is-layout-1 wp-block-columns-is-layout-flex\">\n<div class=\"wp-block-column is-layout-flow wp-block-column-is-layout-flow\">\n<h2 class=\"contact-page__title\">La nostra sede<\/h2>\n<address>\nc\/o Celiachia Facile<br>\nVia F. De Roberto n. 109\/A<br>\n93100 Caltanissetta CL\n<\/address>\n<\/div>\n\n\n\n<div class=\"wp-block-column is-layout-flow wp-block-column-is-layout-flow\">\n<h2 class=\"contact-page__title\">Orari di lavoro<\/h2>\n<p class=\"working-hours\">\n<span>Lun-Sab: 9:30 &#8211; 13:00<\/span>\n<span>Lun-Sab: 16:00 &#8211; 20:00<\/span>\n<span>Domenica: Chiuso<\/span><\/p>\n<\/div>\n<\/div>\n<\/div>\n<\/div>\n\n\n\n<iframe src=\"https:\/\/www.google.com\/maps\/embed?pb=!1m18!1m12!1m3!1d3165.4900222491133!2d14.051061851124189!3d37.496359235802075!2m3!1f0!2f0!3f0!3m2!1i1024!2i768!4f13.1!3m3!1m2!1s0x1310c3f4685e82b7%3A0x9dca9060b5ce7f!2sCeliachia%20Facile%20di%20Mendola%20Srls!5e0!3m2!1sit!2sit!4v1621908883716!5m2!1sit!2sit\" width=\"600\" height=\"450\" style=\"border:0;\" allowfullscreen=\"\" loading=\"lazy\"><\/iframe>\n\n\n\n<h2 class=\"lead wp-block-heading\">Caltanissetta TV: serie ed episodi originali girati in citt\u00e0<\/h2>\n","protected":false},"excerpt":{"rendered":"<p>Scrivi qui il tuo messaggio Domande Frequenti La nostra sede c\/o Celiachia Facile Via F. De Roberto n. 109\/A 93100<\/p>\n","protected":false},"author":1,"featured_media":0,"parent":0,"menu_order":0,"comment_status":"closed","ping_status":"closed","template":"","meta":{"_acf_changed":false,"footnotes":""},"class_list":["post-5048","page","type-page","status-publish","hentry"],"acf":[],"yoast_head":"<!-- This site is optimized with the Yoast SEO plugin v26.1.1 - https:\/\/yoast.com\/wordpress\/plugins\/seo\/ -->\n<title>Contatti - Caltanissetta TV<\/title>\n<meta name=\"robots\" content=\"index, follow, max-snippet:-1, max-image-preview:large, max-video-preview:-1\" \/>\n<link rel=\"canonical\" href=\"https:\/\/www.caltanissetta.tv\/?page_id=5048\" \/>\n<meta property=\"og:locale\" content=\"it_IT\" \/>\n<meta property=\"og:type\" content=\"article\" \/>\n<meta property=\"og:title\" content=\"Contatti - Caltanissetta TV\" \/>\n<meta property=\"og:description\" content=\"Scrivi qui il tuo messaggio Domande Frequenti La nostra sede c\/o Celiachia Facile Via F. De Roberto n. 109\/A 93100\" \/>\n<meta property=\"og:url\" content=\"https:\/\/www.caltanissetta.tv\/?page_id=5048\" \/>\n<meta property=\"og:site_name\" content=\"Caltanissetta TV\" \/>\n<meta property=\"article:publisher\" content=\"https:\/\/www.facebook.com\/michelemendola.it\" \/>\n<meta property=\"article:modified_time\" content=\"2021-07-09T14:20:27+00:00\" \/>\n<meta property=\"og:image\" content=\"https:\/\/www.caltanissetta.tv\/wp-content\/uploads\/2021\/05\/vitaGF.jpg\" \/>\n\t<meta property=\"og:image:width\" content=\"1920\" \/>\n\t<meta property=\"og:image:height\" content=\"1080\" \/>\n\t<meta property=\"og:image:type\" content=\"image\/jpeg\" \/>\n<meta name=\"twitter:card\" content=\"summary_large_image\" \/>\n<meta name=\"twitter:label1\" content=\"Tempo di lettura stimato\" \/>\n\t<meta name=\"twitter:data1\" content=\"1 minuto\" \/>\n<script type=\"application\/ld+json\" class=\"yoast-schema-graph\">{\"@context\":\"https:\/\/schema.org\",\"@graph\":[{\"@type\":\"WebPage\",\"@id\":\"https:\/\/www.caltanissetta.tv\/?page_id=5048\",\"url\":\"https:\/\/www.caltanissetta.tv\/?page_id=5048\",\"name\":\"Contatti - Caltanissetta TV\",\"isPartOf\":{\"@id\":\"https:\/\/www.caltanissetta.tv\/#website\"},\"datePublished\":\"2019-04-03T14:26:11+00:00\",\"dateModified\":\"2021-07-09T14:20:27+00:00\",\"breadcrumb\":{\"@id\":\"https:\/\/www.caltanissetta.tv\/?page_id=5048#breadcrumb\"},\"inLanguage\":\"it-IT\",\"potentialAction\":[{\"@type\":\"ReadAction\",\"target\":[\"https:\/\/www.caltanissetta.tv\/?page_id=5048\"]}]},{\"@type\":\"BreadcrumbList\",\"@id\":\"https:\/\/www.caltanissetta.tv\/?page_id=5048#breadcrumb\",\"itemListElement\":[{\"@type\":\"ListItem\",\"position\":1,\"name\":\"Home\",\"item\":\"https:\/\/www.caltanissetta.tv\/\"},{\"@type\":\"ListItem\",\"position\":2,\"name\":\"Contatti\"}]},{\"@type\":\"WebSite\",\"@id\":\"https:\/\/www.caltanissetta.tv\/#website\",\"url\":\"https:\/\/www.caltanissetta.tv\/\",\"name\":\"Caltanissetta TV\",\"description\":\"Internet TV - OTT &quot;over-the-top&quot; - Notizie Locali\",\"publisher\":{\"@id\":\"https:\/\/www.caltanissetta.tv\/#organization\"},\"potentialAction\":[{\"@type\":\"SearchAction\",\"target\":{\"@type\":\"EntryPoint\",\"urlTemplate\":\"https:\/\/www.caltanissetta.tv\/?s={search_term_string}\"},\"query-input\":{\"@type\":\"PropertyValueSpecification\",\"valueRequired\":true,\"valueName\":\"search_term_string\"}}],\"inLanguage\":\"it-IT\"},{\"@type\":\"Organization\",\"@id\":\"https:\/\/www.caltanissetta.tv\/#organization\",\"name\":\"Caltanissetta TV\",\"url\":\"https:\/\/www.caltanissetta.tv\/\",\"logo\":{\"@type\":\"ImageObject\",\"inLanguage\":\"it-IT\",\"@id\":\"https:\/\/www.caltanissetta.tv\/#\/schema\/logo\/image\/\",\"url\":\"https:\/\/www.caltanissetta.tv\/wp-content\/uploads\/2021\/06\/logo-sito.png\",\"contentUrl\":\"https:\/\/www.caltanissetta.tv\/wp-content\/uploads\/2021\/06\/logo-sito.png\",\"width\":2907,\"height\":620,\"caption\":\"Caltanissetta TV\"},\"image\":{\"@id\":\"https:\/\/www.caltanissetta.tv\/#\/schema\/logo\/image\/\"},\"sameAs\":[\"https:\/\/www.facebook.com\/michelemendola.it\",\"https:\/\/www.instagram.com\/michelemendola\",\"https:\/\/www.youtube.com\/user\/michelemendola1\"]}]}<\/script>\n<!-- \/ Yoast SEO plugin. -->","yoast_head_json":{"title":"Contatti - Caltanissetta TV","robots":{"index":"index","follow":"follow","max-snippet":"max-snippet:-1","max-image-preview":"max-image-preview:large","max-video-preview":"max-video-preview:-1"},"canonical":"https:\/\/www.caltanissetta.tv\/?page_id=5048","og_locale":"it_IT","og_type":"article","og_title":"Contatti - Caltanissetta TV","og_description":"Scrivi qui il tuo messaggio Domande Frequenti La nostra sede c\/o Celiachia Facile Via F. De Roberto n. 109\/A 93100","og_url":"https:\/\/www.caltanissetta.tv\/?page_id=5048","og_site_name":"Caltanissetta TV","article_publisher":"https:\/\/www.facebook.com\/michelemendola.it","article_modified_time":"2021-07-09T14:20:27+00:00","og_image":[{"width":1920,"height":1080,"url":"https:\/\/www.caltanissetta.tv\/wp-content\/uploads\/2021\/05\/vitaGF.jpg","type":"image\/jpeg"}],"twitter_card":"summary_large_image","twitter_misc":{"Tempo di lettura stimato":"1 minuto"},"schema":{"@context":"https:\/\/schema.org","@graph":[{"@type":"WebPage","@id":"https:\/\/www.caltanissetta.tv\/?page_id=5048","url":"https:\/\/www.caltanissetta.tv\/?page_id=5048","name":"Contatti - Caltanissetta TV","isPartOf":{"@id":"https:\/\/www.caltanissetta.tv\/#website"},"datePublished":"2019-04-03T14:26:11+00:00","dateModified":"2021-07-09T14:20:27+00:00","breadcrumb":{"@id":"https:\/\/www.caltanissetta.tv\/?page_id=5048#breadcrumb"},"inLanguage":"it-IT","potentialAction":[{"@type":"ReadAction","target":["https:\/\/www.caltanissetta.tv\/?page_id=5048"]}]},{"@type":"BreadcrumbList","@id":"https:\/\/www.caltanissetta.tv\/?page_id=5048#breadcrumb","itemListElement":[{"@type":"ListItem","position":1,"name":"Home","item":"https:\/\/www.caltanissetta.tv\/"},{"@type":"ListItem","position":2,"name":"Contatti"}]},{"@type":"WebSite","@id":"https:\/\/www.caltanissetta.tv\/#website","url":"https:\/\/www.caltanissetta.tv\/","name":"Caltanissetta TV","description":"Internet TV - OTT &quot;over-the-top&quot; - Notizie Locali","publisher":{"@id":"https:\/\/www.caltanissetta.tv\/#organization"},"potentialAction":[{"@type":"SearchAction","target":{"@type":"EntryPoint","urlTemplate":"https:\/\/www.caltanissetta.tv\/?s={search_term_string}"},"query-input":{"@type":"PropertyValueSpecification","valueRequired":true,"valueName":"search_term_string"}}],"inLanguage":"it-IT"},{"@type":"Organization","@id":"https:\/\/www.caltanissetta.tv\/#organization","name":"Caltanissetta TV","url":"https:\/\/www.caltanissetta.tv\/","logo":{"@type":"ImageObject","inLanguage":"it-IT","@id":"https:\/\/www.caltanissetta.tv\/#\/schema\/logo\/image\/","url":"https:\/\/www.caltanissetta.tv\/wp-content\/uploads\/2021\/06\/logo-sito.png","contentUrl":"https:\/\/www.caltanissetta.tv\/wp-content\/uploads\/2021\/06\/logo-sito.png","width":2907,"height":620,"caption":"Caltanissetta TV"},"image":{"@id":"https:\/\/www.caltanissetta.tv\/#\/schema\/logo\/image\/"},"sameAs":["https:\/\/www.facebook.com\/michelemendola.it","https:\/\/www.instagram.com\/michelemendola","https:\/\/www.youtube.com\/user\/michelemendola1"]}]}},"_links":{"self":[{"href":"https:\/\/www.caltanissetta.tv\/index.php?rest_route=\/wp\/v2\/pages\/5048","targetHints":{"allow":["GET"]}}],"collection":[{"href":"https:\/\/www.caltanissetta.tv\/index.php?rest_route=\/wp\/v2\/pages"}],"about":[{"href":"https:\/\/www.caltanissetta.tv\/index.php?rest_route=\/wp\/v2\/types\/page"}],"author":[{"embeddable":true,"href":"https:\/\/www.caltanissetta.tv\/index.php?rest_route=\/wp\/v2\/users\/1"}],"replies":[{"embeddable":true,"href":"https:\/\/www.caltanissetta.tv\/index.php?rest_route=%2Fwp%2Fv2%2Fcomments&post=5048"}],"version-history":[{"count":14,"href":"https:\/\/www.caltanissetta.tv\/index.php?rest_route=\/wp\/v2\/pages\/5048\/revisions"}],"predecessor-version":[{"id":6018,"href":"https:\/\/www.caltanissetta.tv\/index.php?rest_route=\/wp\/v2\/pages\/5048\/revisions\/6018"}],"wp:attachment":[{"href":"https:\/\/www.caltanissetta.tv\/index.php?rest_route=%2Fwp%2Fv2%2Fmedia&parent=5048"}],"curies":[{"name":"wp","href":"https:\/\/api.w.org\/{rel}","templated":true}]}}